rue
Is 18413 a composite number?
False
Is 151591 a composite number?
True
Is 8741 a composite number?
False
Is 8465 composite?
True
Is 466409 prime?
True
Is 151597 composite?
False
Is 4561 prime?
True
Is 295 composite?
True
Is 1465981 composite?
True
Is 164959 prime?
False
Is 840611 a prime number?
True
Is 13873 a prime number?
True
Is 3199 a composite number?
True
Is 40159 composite?
True
Is 2080013 a composite number?
True
Is 125387 a prime number?
True
Is 14669 prime?
True
Is 580079 composite?
False
Is 34871 a prime number?
True
Is 11387 prime?
False
Is 13411 prime?
True
Is 7167 prime?
False
Is 212647 a composite number?
True
Is 70337 a prime number?
False
Is 234229 a prime number?
False
Is 534601 composite?
False
Is 243233 composite?
False
Is 51473 composite?
False
Is 24749 composite?
False
Is 46687 a prime number?
True
Is 12781 composite?
False
Is 17467 a prime number?
True
Is 38123 a composite number?
True
Is 3811 prime?
False
Is 291 a composite number?
True
Is 461609 prime?
True
Is 6117 composite?
True
Is 44305 a composite number?
True
Is 19037 prime?
True
Is 21083 prime?
False
Is 947363 a composite number?
True
Is 16603 a composite number?
False
Is 66773 a composite number?
True
Is 15817 composite?
False
Is 5951 composite?
True
Is 187631 a prime number?
True
Is 164477 composite?
False
Is 16811 composite?
False
Is 390955 a composite number?
True
Is 28321 prime?
False
Is 1838167 composite?
False
Is 28697 composite?
False
Is 1761 composite?
True
Is 8719 a prime number?
True
Is 11917 composite?
True
Is 4633 prime?
False
Is 104779 a composite number?
False
Is 48001 prime?
False
Is 3389 a composite number?
False
Is 334391 composite?
True
Is 15371 a composite number?
True
Is 3622 composite?
True
Is 55353 composite?
True
Is 34019 prime?
True
Is 48907 a prime number?
True
Is 129161 a prime number?
False
Is 2503 prime?
True
Is 40867 a prime number?
True
Is 1450171 a composite number?
True
Is 29623 a composite number?
True
Is 78119 a prime number?
False
Is 32173 a composite number?
False
Is 77635 a composite number?
True
Is 11401 a prime number?
False
Is 56033 prime?
False
Is 490193 a prime number?
False
Is 308887 a prime number?
True
Is 7483 prime?
False
Is 6646 prime?
False
Is 438551 composite?
False
Is 655 a prime number?
False
Is 967171 prime?
True
Is 25963 prime?
False
Is 17341 composite?
False
Is 2715159 composite?
True
Is 339715 a composite number?
True
Is 117939 a prime number?
False
Is 3199 composite?
True
Is 358069 composite?
False
Is 24709 a prime number?
True
Is 10207 a composite number?
True
Is 275183 a composite number?
False
Is 474713 a prime number?
False
Is 3694 composite?
True
Is 26954 prime?
False
Is 383 a composite number?
False
Is 745923 prime?
False
Is 20249 composite?
False
Is 27403 composite?
True
Is 726659 prime?
True
Is 12071 composite?
False
Is 170337 a prime number?
False
Is 656663 prime?
False
Is 262469 a prime number?
True
Is 1574581 prime?
False
Is 21683 a composite number?
False
Is 24819 a composite number?
True
Is 34449 a prime number?
False
Is 18839 prime?
True
Is 5069 composite?
True
Is 52103 a prime number?
True
Is 2047 composite?
True
Is 13085 prime?
False
Is 3877 a composite number?
False
Is 16601 composite?
True
Is 215723 a composite number?
False
Is 14471 a prime number?
False
Is 12611 composite?
False
Is 24935 composite?
True
Is 1363613 a composite number?
True
Is 33433 a prime number?
False
Is 710011 prime?
False
Is 4271 prime?
True
Is 51767 a composite number?
False
Is 261223 prime?
True
Is 54019 a composite number?
True
Is 33482 prime?
False
Is 6119 a composite number?
True
Is 756419 prime?
True
Is 79087 prime?
True
Is 153793 a prime number?
False
Is 684713 prime?
True
Is 533 composite?
True
Is 409957 prime?
False
Is 134321 a prime number?
False
Is 62229 prime?
False
Is 171043 prime?
True
Is 739693 a prime number?
True
Is 5729 composite?
True
Is 9733 a prime number?
True
Is 112837 composite?
True
Is 123569 a composite number?
True
Is 17863 a prime number?
True
Is 5489 a composite number?
True
Is 645423 a prime number?
False
Is 310547 composite?
False
Is 9357 prime?
False
Is 12611 prime?
True
Is 346 prime?
False
Is 1445817 a composite number?
True
Is 16355 composite?
True
Is 5245 prime?
False
Is 5137 composite?
True
Is 10666 a prime number?
False
Is 10289 prime?
True
Is 1164367 a prime number?
True
Is 5839 prime?
True
Is 3457 composite?
False
Is 979 prime?
False
Is 271127 prime?
True
Is 485659 composite?
True
Is 69351 prime?
False
Is 698519 a composite number?
True
Is 55877 a composite number?
True
Is 8353 prime?
True
Is 43697 prime?
False
Is 394202 a prime number?
False
Is 45091 a composite number?
True
Is 170921 prime?
True
Is 9589 prime?
False
Is 108587 composite?
False
Is 11901 composite?
True
Is 16869 a prime number?
False
Is 12829 prime?
True
Is 143177 prime?
True
Is 54683 a prime number?
False
Is 5534 a composite number?
True
Is 8717 a composite number?
True
Is 40277 composite?
False
Is 13646 prime?
False
Is 117779 prime?
True
Is 6833 a prime number?
True
Is 36911 a prime number?
False
Is 262529 prime?
False
Is 49403 composite?
True
Is 18082 prime?
False
Is 179755 prime?
False
Is 3557 a composite number?
False
Is 8915 a composite number?
True
Is 2309 a prime number?
True
Is 5793 a prime number?
False
Is 169561 prime?
False
Is 42433 a prime number?
True
Is 69109 a prime number?
True
Is 36215 a composite number?
True
Is 866741 composite?
True
Is 1511 a composite number?
False
Is 5987 a composite number?
False
Is 10831 prime?
True
Is 400141 a prime number?
False
Is 110359 composite?
False
Is 199 a prime number?
True
Is 24071 composite?
False
Is 209873 a prime number?
False
Is 400817 a prime number?
False
Is 3401 prime?
False
Is 79657 prime?
True
Is 377 a composite number?
True
Is 99703 prime?
False
Is 938867 composite?
True
Is 26131 composite?
True
Is 338707 a composite number?
False
Is 193117 a prime number?
False
Is 3017 a composite number?
True
Is 740242 a prime number?
False
Is 281863 a composite number?
True
Is 6433 composite?
True
Is 119971 composite?
False
Is 537 prime?
False
Is 379273 a prime number?
True
Is 113494 a composite number?
True
Is 2009857 a prime number?
True
Is 25937 a prime number?
False
Is 22219 a prime number?
False
Is 2782551 prime?
False
Is 185485 a prime number?
False
Is 889 a composite number?
True
Is 18119 composite?
False
Is 11311 composite?
False
Is 5387 prime?
True
Is 167641 a prime number?
True
Is 18943 a prime number?
False
Is 5839 composite?
False
Is 105749 a prime number?
False
Is 174219 a prime number?
False
Is 48595 composite?
True
Is 52361 a composite number?
False
Is 2721 prime?
False
Is 94679 prime?
False
Is 5711 a composite number?
False
Is 13609 composite?
True
Is 35873 prime?
False
Is 30421 a prime number?
False
Is 387613 prime?
True
Is 387083 a prime number?
True
Is 177589 prime?
True
Is 539519 a composite number?
True
Is 33721 prime?
True
Is 700993 a composite number?
False
Is 294955 a composite number?
True
Is 130099 a composite number?
False
Is 20993 a composite number?
True
Is 754751 a prime number?
True
Is 2180833 a prime number?
True
Is 385553 a prime number?
False
Is 1189 prime?
False
Is 5437 composite?
False
Is 118097 a prime number?
False
Is 1099 a prime number?
False
Is 614 composite?
True
Is 2203 composite?
False
Is 43427 composite?
False
Is 2356867 prime?
True
Is 326863 composite?
False
Is 15482 prime?
False
Is 96218 a composite number?
True
Is 32491 composite?
False
Is 193723 a composite number?
False
Is 132941 a composite number?
True
Is 12059 prime?
False
Is 8279 composite?
True
Is 618521 prime?
True
Is 97 a composite number?
False
Is 6879 a prime number?
False
Is 1931 a composite number?
False
Is 2454279 a prime number?
False
Is 430681 prime?
False
Is 1153421 composite?
False
Is 82541 a composite number?
True
Is 7433 a prime number?
True
Is 541137 a composite number?
True
Is 4022 prime?
False
Is 2291 a prime number?
False
Is 130477 a composite number?
False
Is 460247 a composite number?
False
Is 47903 composite?
False
Is 202295 prime?
False
Is 49211 composite?
False
Is 58809 a composite number?
True
Is 221773 a prime number?
True
Is 3737 a composite number?
True
Is 86453 composite?
False
Is 5147 composite?
False
Is 33209 composite?
Tru